*h**3 - 7*h**2 - 3*h + 5. What is the units digit of v(-4)?
3
Let z = -208 - -381. What is the hundreds digit of z?
1
Let o = -6 + 30. What is the tens digit of o?
2
Suppose 10 = 2*c - 78. What is the units digit of c?
4
Let s(v) = v**2 - v + 7. Let q be s(0). Suppose -q - 9 = -o. What is the tens digit of o?
1
Suppose -148 = -4*p - 0*p. What is the tens digit of p?
3
Let d be 1/(-5) + 567/35. What is the tens digit of -10*4/(d/(-6))?
1
What is the tens digit of (-1875)/(-20) - (-3)/12?
9
What is the units digit of (12/8)/((-6)/(-112))?
8
Suppose -103 = 6*a - 823. What is the tens digit of a?
2
Let j(x) be the first derivative of 1 - 3*x**2 - 3*x + 3 - 6 - 1. What is the units digit of j(-2)?
9
Suppose j - 205 = 4*k + 2*j, 0 = 5*k + 5*j + 275. Let s = -30 - k. What is the units digit of s?
0
Suppose 0 = -5*m + 25, -5*m - 75 = -0*z - 4*z. Let h = z + -17. What is the units digit of h?
8
Let a = -63 - -95. Suppose 4*k = -2*g + a, 56 = 5*g + 4*k - 2*k. What is the units digit of g?
0
Let d = -1 - 12. Let o = d + 26. What is the tens digit of o?
1
What is the tens digit of (44915/30)/13 - 2/12?
1
Let l = -1 - -4. Suppose -4*q + l*o - 37 = -13, -3*q = -4*o + 25. What is the units digit of (-8)/q + 4/(-6)?
2
Let o(u) = u**3 + 12*u**2 + 9*u - 4. What is the tens digit of o(-11)?
1
Let x(q) = 3*q**2 - 4*q**2 - 10*q - 5*q**2. Let j(k) = 5*k**2 + 9*k + 1. Let c(d) = 5*j(d) + 4*x(d). What is the units digit of c(-5)?
5
Let p(f) = 9*f - 2. What is the units digit of p(4)?
4
Suppose -r = 6 - 0. Let h be (r/(-4))/((-2)/(-4)). Suppose -h*s + 4*k - 22 = -62, 0 = -s + 4*k + 24. What is the units digit of s?
8
Let f be 2/5 - (-84)/15. Let y(n) = n**2 - 7*n + 8. Let t be y(f). Suppose t*m - 32 = -0*m. What is the tens digit of m?
1
Let v = 20 + -12. What is the tens digit of (-90)/(-4) + (-4)/v?
2
What is the tens digit of 6/36*94*(1 + 2)?
4
What is the units digit of (-2)/14 + (-128)/(-14) + 0?
9
Let m be (4 + 30)*1/2. Let o = m + -33. Let l = -10 - o. What is the units digit of l?
6
Suppose 3*z + 5*t = 25, -t + 10 = 3*z + t. Suppose 4*g - 8*g = -104. Suppose z = 2*v + 4*w - 2*w - g, 5*v - 105 = 5*w. What is the tens digit of v?
1
Let p be ((-16)/6)/(2/12). What is the units digit of (p/6)/(6/(-45))?
0
Let t(u) = 4 - 2 + 3*u**3 - 5*u**3 - 1. What is the units digit of t(-2)?
7
Let j(h) = 3 + h - 7*h**2 + 3 - 2 + h**2. Let x(p) = 7*p**2 - p - 3. Let i(a) = 3*j(a) + 4*x(a). What is the units digit of i(-1)?
1
Let b(p) = 5*p + 4*p**2 - 13*p**2 + 0*p**3 + p**3 + 5*p - 1. What is the tens digit of b(8)?
1
Let s be 2 + (2 - (-1 + 2)). Suppose -3*a = -3*n, s*n - 5*a = 4*n + 6. What is the units digit of (1 - n - -5)/1?
7
Let u = -5 + 17. Suppose 3*r = a - 3*a + 24, -u = -3*r. What is the units digit of a?
6
Let f(d) be the first derivative of d**3/3 + d**2/2 + 13*d - 1. What is the tens digit of f(0)?
1
Let x(o) = -o**2 - 5*o + 3. Let z(k) = -4*k**2 - 4*k + 0 + 2*k**2 + 2. Let v(w) = -3*x(w) + 2*z(w). What is the units digit of v(4)?
7
Let q = -4 - -8. Let f(r) = 12*r + 1. Let j be f(q). Suppose 2*g - j = -4*b - b, 2*g = -3*b + 31. What is the units digit of b?
9
Suppose j = 5, 3*j - 4*j = 5*w - 225. What is the units digit of w?
4
Let f be -3 - 2*27/(-6). Let j = 16 - f. What is the tens digit of j?
1
Suppose -55 = -5*x + 5. Let c = 22 - x. What is the tens digit of c?
1
Suppose 5*j = 74 + 116. Suppose -5*k = -u - 59, -k = k - 4*u - j. What is the units digit of k?
1
Let c(r) = 4*r - 2*r + 5 + r**3 + 11*r - 11*r**2. Let x be c(10). Suppose 21 + x = 4*v. What is the units digit of v?
4
Suppose 99*q = 95*q + 648. What is the tens digit of q?
6
Let j = 40 - 29. Let l be 2/(-11) + 35/j. Let z = l + 2. What is the units digit of z?
5
Let v = -1 + 1. Let x = -29 - -36. Let k = x + v. What is the units digit of k?
7
Let a(r) = -3 + 2*r**2 - 5*r - 3*r**2 - r. Let j(p) = p**2 - 7*p - 5. Let s be j(7). What is the units digit of a(s)?
2
Let l = 2 - -14. Let s = l + 15. What is the units digit of s?
1
Let t(a) = 2*a**3. Let w be t(1). Suppose z = -2*u - 2, -u - 2*u - 5 = w*z. What is the units digit of (-2 - 3/(-2))*z?
2
Let k(f) = 19*f - 1. What is the tens digit of k(2)?
3
Let n = 13 - 8. Suppose -3*o + 30 = n*v, 0 = 4*v + o - 0 - 17. Suppose 36 = v*x - 0. What is the tens digit of x?
1
Let c = 15 + -21. Let s be (2/(-2))/(2/c). Let g = s - 0. What is the units digit of g?
3
What is the tens digit of ((-48)/10)/((-21)/140)?
3
Suppose 1174 - 8501 = -17*j. What is the hundreds digit of j?
4
Let a(g) = g**3 - g**2 - 5*g + 4. Let m be a(3). Let p(q) = q - 8. Let r(s) = -s + 7. Let c(k) = -6*p(k) - 7*r(k). What is the units digit of c(m)?
6
What is the hundreds digit of ((-585)/(-36))/(1/12)?
1
Let o(k) = 4*k - 12. Let v be o(8). Suppose 0 = w - 2*a - v, -4*w - 3*a = -4*a - 52. What is the units digit of w?
2
Let w = -44 + 104. What is the units digit of w?
0
Suppose -59 = 4*x - 5*q, -q = 2*x + q + 16. Let w = x + 28. What is the tens digit of w?
1
Let r(w) = 2*w**2 - 16*w + 13. Suppose 0 = -q + 2*m + 24 - 6, -q + 5*m + 30 = 0. Let u be r(q). Suppose -27 - u = -5*k. What is the units digit of k?
6
What is the tens digit of (((-12)/(-5))/3)/((-6)/(-555))?
7
Suppose 5*a + 3 = -h + 30, -19 = -h - 3*a. Let o(u) = u**3 - 6*u**2 - 6*u - 1. What is the units digit of o(h)?
6
Let q(g) = -2*g**2 + 14*g - 8. Let b be q(6). Suppose 0 = -5*y - 2*a + 88, -4*y + 118 - 50 = b*a. What is the units digit of y?
8
Let t be 1/(-2) + 11/2. Suppose -3*b = -3*c, 0*c + 3*c = -t*b + 40. What is the units digit of b?
5
Suppose 0 = i + 4*h - h - 41, -h - 5 = 0. What is the units digit of i?
6
Let z(u) = 3*u - 6. Let g be z(9). Let q = g - 14. What is the units digit of q?
7
What is the units digit of (-30)/(-50)*(2 - -143)?
7
What is the units digit of ((-3)/9)/((-3)/(-5238)*-3)?
4
Let f(s) = s**3 - 9*s**2 - 5*s + 13. Let d be f(10). Suppose j - 6*j = -65. Suppose 5*b + j = d. What is the tens digit of b?
1
What is the tens digit of 35 - (3 - 4)*-2?
3
Let h(j) = j**2 + j - 1. Suppose -2*a = -5*a - 6. Let z be h(a). Let u = z + 3. What is the units digit of u?
4
Let o be 4/10 - (-348)/(-20). Let m = -11 - o. Suppose -a = -3*a + m. What is the units digit of a?
3
Let p = -3 + 6. Suppose -p*b + 26 = -b. What is the units digit of b?
3
Let c(q) = -q**3 + 2*q**2 + q - 1. Let z be c(3). Let g = z + 15. Let d = -4 + g. What is the units digit of d?
4
Let l(q) = 3*q**2 + 2*q + 2. Let n be l(3). Let c(t) = -3*t - 5. Let p be c(-4). What is the units digit of 200/n + 2/p?
6
Suppose 4*h + 0*h = 16. Let d = h + 1. What is the units digit of d?
5
Suppose 4*d = -4*l + 12, 0 = -2*d - 3*d + 3*l - 9. Suppose -5*w + 18 - 3 = d. Suppose -n = 3*c - 40, w*c + 2*c - 78 = 4*n. What is the units digit of c?
4
Let l(y) = 3*y**3 + 2*y**2 - 2*y + 1. What is the tens digit of l(3)?
9
Suppose t = -7*t + 608. What is the units digit of t?
6
Let i(l) be the first derivative of l**5/20 + l**3/6 + 3*l**2/2 - 2*l + 1. Let o(c) be the first derivative of i(c). What is the units digit of o(0)?
3
Let n = 10 - 6. Suppose -n*i + 5 = -3*i. What is the units digit of i?
5
Suppose 4*z - 1 + 61 = 0. Let v = z - -41. What is the tens digit of v?
2
Let g(d) be the third derivative of 3*d**2 - 1/6*d**3 + 0 + 0*d + 1/8*d**4. What is the units digit of g(4)?
1
Let g(b) = b + 1 - 5 + 20. What is the units digit of g(-12)?
4
Suppose -4*n = 4*h - 144, 3*n = n - 3*h + 68. Let f = n - 25. What is the units digit of f?
5
Let c be (-802)/(-8) - (-2)/(-8). Let r be 8/12 - c/(-3). Let k = r + -22. What is the units digit of k?
2
Let v(f) = f**2 - 10*f + 13. Let c be v(9). Let h = c - -26. What is the tens digit of h?
3
What is the units digit of 1 + -3 + -1 - -9?
6
Suppose -23 = -3*i + 4*i + 2*z, -26 = i + 3*z. Let h = -11 - i. What is the units digit of h?
6
Suppose -4*n = -12, -t = -n - 0 - 26. What is the tens digit of t?
2
Let k = -16 + 16. Let w = k - -25. What is the units digit of w?
5
Let c = 55 - 10. What is the tens digit of c?
4
Let o be 2/5 - 23/(-5). Suppose p + 32 = o*p. What is the units digit of p?
8
Let j be 21*62*3/18. Suppose 0 = -5*d - 17 + j. What is the units digit of ((-24)/(-10))/(12/d)?
8
Suppose 0 = -2*z - 3*m + 509, 2*z + 0*z + m = 503. What is the units digit of z?
0
Suppose -2*d + 437 = 3*g, 3*g + 0*d + d - 436 = 0. What is the u